alse
Is 1732246559 composite?
True
Is 10208235073 a prime number?
True
Is 1620741377 a prime number?
False
Is 6152898919 a prime number?
False
Is 1573134631 composite?
False
Is 153472807 composite?
False
Is 28797385139 a composite number?
True
Is 1987656637 a composite number?
False
Is 1643435107 composite?
True
Is 82563289 a composite number?
False
Is 84076583 a composite number?
False
Is 327428251 prime?
True
Is 469816049 prime?
True
Is 2710182011 prime?
True
Is 80493242567 a composite number?
False
Is 614570926 a prime number?
False
Is 1120503907 a prime number?
False
Is 6904838071 composite?
True
Is 25613212253 prime?
True
Is 7924927267 prime?
False
Is 2350502723 a composite number?
False
Is 1635433199 a composite number?
False
Is 2767720909 prime?
False
Is 19361876407 composite?
True
Is 260419829 a prime number?
False
Is 4406793527 prime?
True
Is 2167036394 composite?
True
Is 78930307 a composite number?
False
Is 4060580723 prime?
True
Is 4403709497 a composite number?
True
Is 100407413563 a composite number?
False
Is 9145789553 a composite number?
False
Is 66236514349 composite?
True
Is 20344144507 a prime number?
True
Is 4813825061 a composite number?
False
Is 47378130817 prime?
False
Is 8218029341 composite?
False
Is 8889847601 composite?
True
Is 401884601 a composite number?
True
Is 816901399 a prime number?
True
Is 4982632615 a composite number?
True
Is 165753271213 composite?
False
Is 2298576543 prime?
False
Is 17222516173 composite?
True
Is 1873363451 a prime number?
True
Is 9344512977 prime?
False
Is 77429721947 composite?
True
Is 6765207331 a prime number?
True
Is 896889089 prime?
True
Is 6373958347 prime?
True
Is 1867306613 a prime number?
True
Is 1188371629 prime?
False
Is 17458625161 a composite number?
True
Is 132300247 a composite number?
False
Is 999004351 prime?
False
Is 2940354403 a composite number?
True
Is 601180819 a prime number?
True
Is 156850087939 prime?
False
Is 29299505141 a composite number?
False
Is 1111032817 composite?
False
Is 5597111543 prime?
False
Is 6018591373 composite?
True
Is 12887001943 composite?
True
Is 236781526013 composite?
False
Is 520967257 a composite number?
True
Is 11390667529 a prime number?
False
Is 5473387159 a composite number?
False
Is 702148459 a prime number?
True
Is 3239664667 a composite number?
False
Is 3490515219 a prime number?
False
Is 362404368001 composite?
True
Is 3468403787 composite?
False
Is 1448310959 prime?
False
Is 1583997862 a composite number?
True
Is 2628894997 composite?
False
Is 15288067285 a prime number?
False
Is 845311163 a prime number?
True
Is 4643755271 prime?
False
Is 2172325843 prime?
False
Is 13050927311 a prime number?
True
Is 315694663 a composite number?
True
Is 147815259733 a prime number?
False
Is 85051738349 a composite number?
True
Is 141848989 a composite number?
False
Is 12198762683 prime?
True
Is 60042253 a composite number?
False
Is 42544094 a composite number?
True
Is 11757804097 composite?
True
Is 6146321053 composite?
False
Is 1361847742 a prime number?
False
Is 761568979 composite?
False
Is 4975206143 a prime number?
False
Is 591438751 prime?
True
Is 131286931415 a prime number?
False
Is 37541411683 a prime number?
True
Is 85949506411 a prime number?
False
Is 3284455649 prime?
True
Is 69446707717 a composite number?
False
Is 18223181881 prime?
True
Is 25739613529 a prime number?
False
Is 18937801643 a prime number?
False
Is 1999775891 a prime number?
False
Is 518276369795 a composite number?
True
Is 978808751 composite?
False
Is 2404371301 prime?
False
Is 227165143 a composite number?
True
Is 2131015313 prime?
False
Is 61930830067 a composite number?
False
Is 1169349719 a composite number?
True
Is 17866872043 prime?
True
Is 2895607973 a composite number?
True
Is 34403577899 a prime number?
False
Is 2648468773 a prime number?
True
Is 23808473801 a composite number?
True
Is 120490199 a prime number?
False
Is 6033381469 a prime number?
False
Is 253745738 a prime number?
False
Is 2534574017 a prime number?
True
Is 467419291 a composite number?
True
Is 6247532699 a composite number?
True
Is 55956853969 a composite number?
False
Is 271674751 a composite number?
False
Is 158790497 a composite number?
True
Is 3727038155 prime?
False
Is 2453382229 a composite number?
False
Is 1499792549 a prime number?
False
Is 3556595759 a prime number?
False
Is 727390507 a prime number?
False
Is 960302795 prime?
False
Is 84332998567 a composite number?
False
Is 22508066369 a composite number?
False
Is 18771371 a prime number?
True
Is 359793617 prime?
True
Is 249218335923 prime?
False
Is 2574184703 a prime number?
True
Is 2968223903 composite?
True
Is 7924911 prime?
False
Is 12080846381 a composite number?
False
Is 41622327613 composite?
False
Is 28533837971 a prime number?
True
Is 13870432223 composite?
False
Is 350795909 a composite number?
False
Is 33444704858 composite?
True
Is 10477549679 a composite number?
False
Is 1051233523 a prime number?
False
Is 193844627 a composite number?
False
Is 1346753101 a composite number?
False
Is 39990850531 composite?
False
Is 20023027831 prime?
True
Is 10352048477 prime?
True
Is 2098293751 a prime number?
True
Is 572902333 a prime number?
False
Is 431982281 a composite number?
False
Is 14177656397 a composite number?
True
Is 10291721071 a composite number?
False
Is 1694079967 prime?
True
Is 300526243 a composite number?
True
Is 1257969649 composite?
True
Is 146170763 a composite number?
False
Is 56580737443 a composite number?
True
Is 134226373199 prime?
True
Is 599328139 prime?
False
Is 49611594827 prime?
False
Is 108407323 composite?
False
Is 595857337 a composite number?
False
Is 114637942381 prime?
True
Is 4185668521 composite?
False
Is 3217524461 a prime number?
False
Is 4257270079 prime?
False
Is 24448178971 a composite number?
False
Is 4045351 a composite number?
True
Is 775077859 prime?
True
Is 585704841 prime?
False
Is 2760460123 prime?
True
Is 22100544743 prime?
False
Is 120302269 a composite number?
True
Is 4341982681 a prime number?
False
Is 1926554459 prime?
True
Is 726516697 a composite number?
False
Is 5763058451 prime?
False
Is 1775948501 prime?
True
Is 372327811 composite?
False
Is 3631352149 prime?
False
Is 203838139 prime?
True
Is 757651117 a prime number?
True
Is 3185184109 prime?
False
Is 1405735483 prime?
False
Is 7887607471 prime?
True
Is 3881521 composite?
True
Is 2380054429 a prime number?
False
Is 944570333 prime?
False
Is 1499633 a composite number?
True
Is 1629829973 a composite number?
False
Is 1030738913 a prime number?
True
Is 2336837689 prime?
False
Is 452958931 a composite number?
True
Is 20325154357 a prime number?
False
Is 5970182593 prime?
False
Is 2722641659 a prime number?
True
Is 144333979039 composite?
True
Is 26788388657 prime?
False
Is 884947703 a prime number?
False
Is 551242451 a prime number?
False
Is 25721641 prime?
False
Is 117753151 composite?
False
Is 25921762837 a prime number?
True
Is 1714245671 composite?
True
Is 67107909607 a prime number?
True
Is 2646969793 a prime number?
False
Is 4911885361 composite?
True
Is 13307874233 a prime number?
True
Is 651296551 a composite number?
False
Is 5857259003 composite?
False
Is 313894393 prime?
False
Is 71020226911 prime?
True
Is 1290705571 a prime number?
False
Is 124165973 a composite number?
False
Is 21907775957 prime?
True
Is 18679106087 a prime number?
False
Is 20305903031 composite?
False
Is 4198478513 composite?
False
Is 1291650119 a prime number?
False
Is 9948113867 a composite number?
False
Is 6644024437 prime?
False
Is 6121284287 a prime number?
False
Is 498681371 composite?
True
Is 5347558549 prime?
False
Is 246756131 a prime number?
False
Is 315045011 prime?
False
Is 6252771253 composite?
False
Is 3947628397 prime?
False
Is 9274653991 a composite number?
False
Is 67409651791 composite?
True
Is 87225537413 a prime number?
False
Is 2456701141 a composite number?
True
Is 930079043 prime?
True
Is 1292984447 a composite number?
True
Is 27277838779 a prime number?
True
Is 344685053 a composite number?
True
Is 151777013 prime?
False
Is 12982661227 composite?
False
Is 138141599 a prime number?
True
Is 10917509959 a composite number?
False
Is 14547729937 composite?
True
Is 3130235221 a composite number?
False
Is 2015879981 com